 = -h + 527. What are the prime factors of h?
2, 3, 11
Suppose 58*w - 5351 = 50213. What are the prime factors of w?
2, 479
What are the prime factors of 1/(4*272031/2448036 + (-16)/36)?
19, 1193
Let j(h) = 5*h + 4. Let p(f) = -6*f - 3. Let c(g) = -9*j(g) - 6*p(g). Let y be c(-3). Suppose -y*k = -3*k - 612. What are the prime factors of k?
2, 3, 17
Let w(s) = 3 - 21*s + 4 + 8 + 28 + 24*s**2 - 2*s**2. List the prime factors of w(8).
1283
Suppose -1722 = -94*k + 92*k. What are the prime factors of k - (5 - -1 - 0)?
3, 5, 19
Suppose 370 - 1648 = -6*i. Let v = 900 + i. What are the prime factors of v?
3, 7, 53
Suppose -9230*j + 9211*j + 205675 = 0. List the prime factors of j.
5, 433
Let n = 8237 - -16651. What are the prime factors of n?
2, 3, 17, 61
Suppose -i = 5*m - 4107 - 28179, -3*i + 7*m + 96990 = 0. What are the prime factors of i?
2, 3, 2693
Suppose 0 = 2*i + 10, -3*i + 351 = -j - 2*i. Let x = j + 615. List the prime factors of x.
7, 37
Suppose -4*x = x + 10. Let f be x/4 + (-11)/(-22). Suppose 5*u + 276 = 3*c, -5*c + f*u + 482 = -u. List the prime factors of c.
97
Let p(z) = -z**3 + 12*z**2 + 38*z + 38. Let i be p(12). Let r = 45 + i. What are the prime factors of r?
7, 11
Let c(a) = 6*a**3 - 41*a**2 - 10*a + 51. List the prime factors of c(14).
31, 269
Let b = 8331 - 5772. What are the prime factors of b?
3, 853
Let o(b) = 6*b - 2. Let f be o(12). Suppose 2*q - 6*q + 244 = -d, q - f = -2*d. Suppose -24 = s - x - q, -3*x - 30 = -s. List the prime factors of s.
2, 3, 7
Suppose -3*d - 9 = -4*d. Suppose -680 = -h + 2*w, -631*h + 4*w = -633*h + 1400. Suppose 4*j - d*j + h = 0. List the prime factors of j.
2, 3, 23
Suppose -c - 2*c + 1179 = 0. Let t(l) = c*l - 12 + 3 - 405*l. What are the prime factors of t(-6)?
3, 7
Suppose 38845 = -25*a + 26*a + 4*o, -3*a + 116543 = 4*o. What are the prime factors of a?
53, 733
Let n = -27964 - -56263. What are the prime factors of n?
3, 9433
Let b be ((-788)/(-10))/((-2)/(-10)). Let a = -199 + b. What are the prime factors of a?
3, 5, 13
Let l(p) = 1 - 3*p**3 + 6*p + 2*p**3 - 12*p + 21*p - 2*p**2. List the prime factors of l(-6).
5, 11
Let u(k) = 33094*k + 907. What are the prime factors of u(1)?
11, 281
Suppose 31*i + 317 = 7. Let a(x) = 0*x + 4*x - 13 + 2*x**2 + 0*x**2. What are the prime factors of a(i)?
3, 7
Let c(s) = -7*s**3 + 174*s**2 - 2*s - 64. What are the prime factors of c(13)?
7, 11, 181
Suppose 533*t + 10 = 535*t, -s - 2*t = -15925. What are the prime factors of s?
3, 5, 1061
Let t = -1015 + 2050. Let a = t + -425. Suppose 3*j - a = -199. What are the prime factors of j?
137
Suppose 9*l - 4 = 5*l. What are the prime factors of (l - 77)*-2 - 5?
3, 7
Let h be 140/(-28)*(9 - -2). What are the prime factors of (0 + 1/3)/(h/(-118305))?
3, 239
Let x = -161 - -161. Suppose 25*d - 27*d + 914 = x. List the prime factors of d.
457
Let v = 20390 + 809. What are the prime factors of v?
17, 29, 43
Suppose 105*d - 104*d = -2*n + 14489, n = -8*d + 115912. List the prime factors of d.
14489
Let v be (0 - 28)/((-4)/94). Suppose 5*r - 294 = 5*o + 376, -5*r - o + v = 0. List the prime factors of (r/(-10))/(0 + 8/(-20)).
3, 11
Suppose 49063 = 201*m - 209*m + 204311. What are the prime factors of m?
2, 31, 313
Suppose -2*b - x - 55 = -17, -b - 30 = -5*x. Let h be (-2 - 56/b)*-50. List the prime factors of 50/(-20)*3/(6/h).
2, 5
Let j(q) = -2258*q - 623. List the prime factors of j(-3).
6151
Suppose 0 = -2*s - 8*q + 4*q - 460, -5*s - 3*q = 1164. Let l be 2*(-460)/8*(1 - 5). Let a = s + l. What are the prime factors of a?
2, 113
Suppose 56*g - 35*g - 307902 = 0. List the prime factors of g.
2, 7331
Suppose -16*n + 6*n = -600. What are the prime factors of -30*((-422)/n + (-4)/24)?
2, 3
Suppose 3*n - 140718 = -2*f - 38210, 3*f = -4*n + 136676. List the prime factors of n.
2, 8543
Let b = -158 + 620. List the prime factors of (-264)/b - 4155/(-7).
593
Let s be 18/42 - 13/((-364)/(-30840)). Let z = -571 - s. What are the prime factors of z?
2, 5, 53
Suppose 0 = 25*i - 20*i - 15. Suppose -i*n - 6 = 2*l - 1, 0 = 3*n - 2*l + 1. List the prime factors of (-1407)/(-15) - (n + (-36)/(-20)).
3, 31
Suppose 5*l - 4*f - 84779 = 13251, 2*f + 98030 = 5*l. List the prime factors of l.
2, 9803
Let v = -31 + 29. Let j be 4 - -190 - (v + 4). Let q = j + -113. List the prime factors of q.
79
Suppose 0 = 23*i - 5*i - 4410. Suppose -532 = -3*o + i. What are the prime factors of o?
7, 37
Let v(a) = a**3 + 3*a**2 + 5*a - 7. Let m be v(2). Suppose 0 = -m*k + 14*k + 162. List the prime factors of k.
2, 3
Let f be (10 + -12)*-36*(-16)/(-6). Let m = f - -292. List the prime factors of m.
2, 11
Let y(g) = g**3 - 46*g**2 - 6*g - 1499. List the prime factors of y(50).
59, 139
Let p(u) = u**3 - 16*u**2 + 15*u + 36. Let s be p(15). List the prime factors of (s/(-72))/(2/(-2392)).
2, 13, 23
Suppose 0 = -2*l - 3*v, 2*v = 2*l + 3*v. Suppose m - 197 = -2*r + 6*m, l = 5*r + 5*m - 545. What are the prime factors of r?
2, 53
Let w be 1*-2 + (15 - 3). Suppose 38*s - 45*s - 91 = 0. What are the prime factors of (144/w)/(s/(-65))?
2, 3
Let k = -7552 - -14222. List the prime factors of k.
2, 5, 23, 29
Let x = 992 - -814. What are the prime factors of x?
2, 3, 7, 43
Suppose 1660*c = 1445*c + 10238945. What are the prime factors of c?
47623
Let o = -12977 - -21864. What are the prime factors of o?
8887
What are the prime factors of (-3)/((-9)/(-18) + 27955/(-55880))?
2, 11, 127
Let b(c) = 20*c**3 + 5*c + 3. Let q = -458 - -461. What are the prime factors of b(q)?
2, 3, 31
Let q be (0 + 5)*(-10)/10. List the prime factors of ((-6)/(-9))/(q/((-23475)/10)).
313
Suppose 57*s - 49*s - 8 = 0. List the prime factors of (s - (6 - 2))*(-5236)/66.
2, 7, 17
Suppose -5*m - 11 = -1, -4*m - 32 = 4*z. Let f(l) be the first derivative of l**4/2 + 5*l**3 + 3*l**2/2 + 14*l - 1153. List the prime factors of f(z).
2, 13
Let c(n) = -3*n**2 + 12*n + 4. Let m be c(4). Suppose 5*g - m*g - 57 = 0. Suppose g = 2*l + 11. What are the prime factors of l?
23
Let x = -1564 + 8534. Suppose 3*f - 2*g - 4952 = 0, -4*f - 370 = -2*g - x. What are the prime factors of f?
2, 103
Let h = 202 + 13. Let t = h - 128. List the prime factors of t.
3, 29
Suppose 0 = -30*a - 286800 + 958379 + 865831. What are the prime factors of a?
7, 7321
Let a(y) = 12*y + 31. Let r be 12/8*(-8)/6. Let t(x) = -23*x - 62. Let z(o) = r*t(o) - 5*a(o). List the prime factors of z(-8).
3
Suppose -2*w - w = 12, 2*x - 3*w - 8 = 0. Let j(m) = m**3 + m**2 + 21*m - 43. Let u be j(3). List the prime factors of (-32)/u*917/x.
2, 131
Let o(r) be the first derivative of 2*r**3/3 + 27*r**2/2 + 13*r - 62. List the prime factors of o(-23).
2, 3, 5
Let a(p) = 8*p**2 - 20*p + 137. Let s be a(8). Suppose 5*m - s = 4*m - n, 2*n = m - 495. What are the prime factors of m?
491
Let v(m) = m**2 + 143*m - 1799. List the prime factors of v(15).
571
Let p = -3 + 0. Let t be (8 - (-6)/p)*21/9. Let a = t + -10. What are the prime factors of a?
2
Suppose 3*t = -5*f - 4 - 10, -5*t - 2 = 3*f. Suppose -2*v = t*n - 2156, 32 - 30 = -n. What are the prime factors of v?
2, 3, 5
List the prime factors of 202216/280*(2 + 8).
2, 23, 157
Suppose 19*d + 103726 = 22*d - 4*y, -172925 = -5*d - 3*y. List the prime factors of d.
2, 17291
Let v = 23661 - 12286. What are the prime factors of v?
5, 7, 13
Let k = -11783 + 24039. What are the prime factors of k?
2, 383
Let p be (-2536)/28 + (-3)/7. Let b = 93 + p. Suppose b*j = m - 2*j - 81, -4*m + 345 = 5*j. List the prime factors of m.
5, 17
List the prime factors of (-1445862)/(-90) - (84/(-45) - -2).
3, 5, 7, 17
Suppose 0 = 42*p - 304920 - 157122. What are the prime factors of p?
3, 19, 193
Let k(u) = -5*u**2 + 8*u + 13. Let j(r) = 12*r**2 - 15*r - 25. Let s(v) = -2*j(v) - 5*k(v). What are the prime factors of s(-12)?
3, 83
Suppose -3*v + 5*v = n - 746, -4*v + 2972 = 4*n. Let z = -107 + n. What are the prime factors of z?
7, 13
Let g(f) = -227*f**3 + f + 9. What are the prime factors of g(-2)?
1823
Suppose -812 + 787 = -5*y. Suppose -y*w + 4410 = 3*o, -o + 666 = 2*w - 1099. What are the prime factors of w?
3, 5, 59
Let q(z) = 3*z**2 - 4*z - 158. Let k(c) = -7*c**2 + 7*c + 317. Let w(o) = -2*k(o) - 5*q(o). Let a be 0/(-11 - (-18 - -8)). List the prime factors of w(a).
2, 3, 13
Let n be (-1)/((-2)/(-526))*(0 - -1)